= z - 14. Let m(f) = -5*f**3 + 2*f**2 + f + 15. Let o(j) = j**3 + j**2 - j - 1. Let v = -17 + 13. Let g(r) = v*o(r) - m(r). Let p be g(6). Give h(p).
-7
Let y(t) = 17*t - 1191. Suppose -20*z + 265 + 925 = -3*z. Determine y(z).
-1
Let s be 0/(2/(-1)) - 2. Let z(y) be the second derivative of y**4/3 + y**2/2 - 363*y - 4. What is z(s)?
17
Let t be (-2 - 2)*6/8. Let s(r) be the first derivative of -r**4/12 - r**3/6 + r**2/2 - 46*r - 67. Let c(y) be the first derivative of s(y). Calculate c(t).
-5
Let m(f) = -f**3 + 4*f**2 + 7*f - 5. Suppose -13*z = 261 - 27. Let y = 20 + z. Suppose 8*u + y*u - 40 = 0. Calculate m(u).
23
Suppose 4*y + 43 = 5*h, -2*h - h + 2 = y. Let n(u) be the second derivative of -u**5/20 - 7*u**4/12 + u**3/2 + 4*u**2 + 107*u - 2. Calculate n(y).
-13
Let x(b) = -b**3 - 5*b**2 + b + 21. Let q = 328 + -332. Let z be x(q). Let v(h) = 26*h. What is v(z)?
26
Let d(u) = 6*u + 1. Let i(w) = -2. Let v(r) = -d(r) + i(r). Give v(0).
-3
Let q(x) = -x**3 + 11*x**2 - 12*x - 17. Let y be q(9). Suppose 5*z + 8 + y = 0. Let m(g) = -2*g - 22. Determine m(z).
-4
Let v = 4246 + -4223. Let i(y) = 2*y**2 - 44*y - 56. What is i(v)?
-10
Let y(p) = p**3 - 39*p**2 + 2*p - 119. Let o(f) = 3*f**2 + 25*f - 1383. Let a be o(18). Calculate y(a).
-41
Let u(m) be the first derivative of m**4/2 - m**3/3 + m - 576. Determine u(2).
13
Let x(q) be the first derivative of 5*q**3/6 - 3*q**2/2 + 6*q + 3. Let s(h) be the first derivative of x(h). Let f be 231/42 + (-20)/8. What is s(f)?
12
Let g(k) = -k**3 - 41*k**2 - 430*k + 42*k**2 - 11 + 431*k. Suppose 0*v + v + 5*h = 0, -v = 4*h. What is g(v)?
-11
Let x(d) be the third derivative of 7*d**4/24 - 3*d**3 + 6*d**2 - 3. Let j(b) = 3. Let s(y) = 6*j(y) + x(y). Calculate s(1).
7
Let v(q) = -q**3 - 2*q**2 + 9*q - 3. Suppose -140*j = -144*j + 96. Suppose 2*a = -4*k - j, 11 = -2*k - 5*a - 17. Determine v(k).
-7
Let w(h) = 2*h**3 - 189 + 86 + 97 - h**3 - 20*h - 19*h**2. Give w(20).
-6
Let q(x) = -x**3 + 9*x**2 - 9*x - 41. Let r be q(6). Let s(p) = 3*p**3 - 40*p**2 + 14*p - 21. What is s(r)?
-8
Let c(g) = 8*g - 20. Let y = 35883 - 35879. What is c(y)?
12
Let a be (-2)/(-7) + (-122)/(-14). Let r be a/6*4/(-3). Let m(n) be the first derivative of 2*n**3/3 - n**2 - n - 40. Calculate m(r).
11
Let a(v) = 12*v - 65. Let p be (30/42)/(2/14). Let y be a(p). Let h(f) = f**3 + 4*f**2 - 3*f - 4. Give h(y).
-14
Let w(s) be the second derivative of -s**5/20 + 5*s**4/4 - 7*s**3/3 - 15*s**2/2 - 2119*s. Give w(14).
-15
Let f(n) = 1498 - 490 - 502 - 5*n - 500. Determine f(1).
1
Let c(m) = -4688 + 4715 - 5*m**2 + 6*m**2 + 18*m. Calculate c(-9).
-54
Let c(t) = -2*t**3 - 30*t**2 + 19*t + 1. Let h(l) = -l**3 - 17*l**2 + 10*l. Let b(q) = 3*c(q) - 5*h(q). What is b(-6)?
-3
Suppose u + 0 = -1. Let z(x) = 8*x**2 - x + 24. Let i(m) = -9*m**2 + m - 19. Let h be (-21)/6 - (0 - 6)/(-12). Let s(t) = h*z(t) - 5*i(t). What is s(u)?
13
Let k(u) = -2*u**2 + 8*u - 115. Let t(x) = x**2 - 4*x + 64. Let a(b) = -3*k(b) - 5*t(b). Give a(0).
25
Let b = 73993 + -73996. Let n(m) = 1 - 5*m - 5 - 2*m. What is n(b)?
17
Let w(j) = -24*j**3 - 15*j - 8 + 41*j - 15*j + 23*j**3 - j**2 - 10*j. Give w(0).
-8
Suppose 27*a + 31*a = 45*a + 52. Let y(x) = -3*x + 20. Calculate y(a).
8
Let w be (-1)/((-2)/(-8)) + (2 - 3). Let f(d) be the third derivative of 7/6*d**3 + 0 + 1/24*d**4 + 7*d**2 + 0*d. What is f(w)?
2
Let r(y) be the third derivative of 1/6*y**3 + 0 - 125*y**2 + 0*y - 1/12*y**4. Calculate r(2).
-3
Suppose 189*i = 187*i + 7118. Let h(a) = -i + 3564 + 0*a + 2*a. Suppose 0 = 4*y + 11 + 21. Calculate h(y).
-11
Let g(j) be the first derivative of 3*j**2/2 - 96*j - 806. Give g(33).
3
Suppose -2*j - 33 = 6*j + 7. Let v(f) = -11*f - 4. Give v(j).
51
Let c(m) = m**3 - 4*m + 3. Let s(q) = 84*q + 4. Let v be s(-2). Let y = v + 166. Calculate c(y).
3
Let b(n) = n**3 + 8*n**2 + 6*n + 8. Suppose 0 = -4*u - 0*u - 12, -u = 4*j + 227. Let i = j - -49. Calculate b(i).
15
Let q(v) = v**3 - 4*v**2 - 5*v - 1. Let b(m) = m**3 - 15*m**2 + 16*m - 8. Let t be -14*(-3)/9*3. Let n be b(t). Suppose 0 = 3*u + u - n. Give q(u).
-1
Let p be 748/12 - 1/3. Suppose 0 = -49*z + p*z - 52. Let l(i) = -i**2 + 2*i - 6. Determine l(z).
-14
Suppose -19*d = 19*d - 34*d + 28. Let u(v) = -v**3 - 9*v**2 - 16*v + 4. Determine u(d).
18
Let j(o) = o**3 - 9*o**2 + 3. Suppose 33*n = 23*n - 370. Let t be n/(-4) + (-90)/(-24) + -4. Determine j(t).
3
Let n(f) be the second derivative of 5*f**3/3 - f**2/2 - 30*f. Let l(y) = 4*y**2 - 32*y - 79. Let m be l(10). What is n(m)?
9
Let l(m) be the third derivative of -m**5/60 + 11*m**4/12 - 11*m**3/6 - 9*m**2 + 14*m + 3. Calculate l(0).
-11
Let g(p) = -22*p**2 - 15*p + 25. Let m(u) = 31*u**2 + 23*u - 38. Let t(o) = 7*g(o) + 5*m(o). What is t(-11)?
-4
Let c(s) = 3*s**3 - 38*s**2 + 40*s - 688. Let y be c(13). Let g(i) = -32*i**3 - i**2 - i + 1. Determine g(y).
-33
Let n(m) = -18*m - 1. Let o(r) be the third derivative of 13*r**4/24 + r**3/6 + 245*r**2. Let p(g) = 5*n(g) + 7*o(g). Give p(-3).
-1
Let k(q) = -q**3 - 5*q**2 - 7*q - 5. Let x be (2 - (-16)/(-3))/((-8)/48). Suppose x = -6*b + b. Let a be ((-14)/b + -4)*8. Calculate k(a).
7
Let p(w) = -2*w**2 - 31*w + 9. Let a(k) = k**2 + 14*k - 4. Let b(l) = -13*a(l) - 6*p(l). Let t be -5*((-4 - -5) + 0). Give b(t).
-47
Suppose -61356*j = -61401*j + 630. Let q(d) = 5*d - 64. What is q(j)?
6
Let l(m) be the second derivative of m**5/20 - 7*m**4/12 - 4*m**3/3 + m**2 - 12*m - 28. Determine l(8).
2
Suppose -107 = -0*z - 4*z - 3*m, z = 2*m + 13. Suppose 15 = 26*n - z*n. Suppose -8 = -n*t - 13. Let l(w) = -12*w + 1. Determine l(t).
13
Let d(j) = 501*j + 5 + 17*j**2 + 505*j - 999*j + 0. Determine d(-2).
59
Let s(m) = m**3 - 9*m**2 - 2*m + 8. Suppose 20 = -67*g + 70*g - 2*h, -3*h = -2*g + 10. Determine s(g).
-72
Let l(g) be the first derivative of 2*g**3/3 - 47*g**2/2 + 32*g + 4572. What is l(22)?
-34
Let x(f) = f**2 + 3*f - 4. Suppose -66*d + 92*d = 78. Give x(d).
14
Let o(q) = 11*q**2 + 27*q - 11. Let b(l) = -175*l**2 + 0 + 2*l + 0 + 177*l**2. Let x(k) = -6*b(k) + o(k). Give x(14).
3
Let r(p) = -p**2 - 30*p + 14. Let m be r(-29). Let g(j) = 44*j**3 - m*j**3 + 6 - j + 3*j**2 - 6 + 1. Let u(y) = y**2 + 11*y - 10. Let t be u(-12). Give g(t).
19
Let o(k) = -61*k + 5. Let m(f) = -27*f + 2. Let h(v) = 9*m(v) - 4*o(v). What is h(-2)?
-4
Let p(x) = 0*x**2 + x - 1 - 2*x**2 - 3*x - 441*x**3 + 429*x**3 - 1. Let b(m) = 14*m**3 + 2*m**2 + 3*m + 3. Let d(r) = -5*b(r) - 6*p(r). Give d(-2).
-5
Suppose -4*b - 138*b + 175 = 885. Let a(u) = -11*u - 32. Determine a(b).
23
Suppose -16 = 3*v + 5. Let r(c) = -6*c**3 - 8*c**2 - 6*c + 4. Let t(k) = 5*k**3 + 8*k**2 + 6*k - 4. Let a(o) = -4*r(o) - 5*t(o). Determine a(v).
-3
Let i be 2/14 + (-26)/(-14). Let m(j) = -1106*j - 1113*j + 8*j**i + 2216*j + 3. Determine m(2).
29
Let d = 431 + -420. Let p(c) = -22*c + 7 + 1 - d*c + 3 + 34*c. What is p(-11)?
0
Let x(f) be the first derivative of -f**4/4 + f - 62. Let w(o) = -4*o**3 + o - 27. Let u(s) = w(s) - 3*x(s). Give u(0).
-30
Let j(x) = -108*x + 2*x**2 + 0*x**2 + 117*x. Give j(-4).
-4
Suppose 0 = -3*x - 4*c + 12, 8*x + c + 8 = 10*x. Suppose 3*d = -4*g + 5*g + 14, -d + x = 0. Let a(m) = m**3 + 2*m**2 + m + 1. Calculate a(g).
-1
Let c(p) = 1 + 5*p - 5 + 2*p. Suppose -281*l + 13*m - 35 = -280*l, 4*l - 1 = 5*m. Calculate c(l).
24
Let l(o) = -o**2 + 4*o + 8. Let x(a) = -a**2 + 26*a + 67. Let j be x(28). Suppose -j = -8*y + 37. What is l(y)?
-4
Let s(d) be the second derivative of -16 + 1/4*d**4 + 1/3*d**3 - 7/2*d**2 - 1/20*d**5 + 8*d. Give s(2).
1
Let z(c) = 1 - 4 + 2 + c. Suppose 3*b - 55 = 5*v, -21*v + 5 = -26*v - 2*b. Calculate z(v).
-6
Let t(s) = -s**3 - s. Suppose 14*x = 17*x - 6. Suppose v = x*a - 10, -2*a + v = 2*v - 18. Let r be (-72)/(-42) + 2/a. Calculate t(r).
-10
Let t(k) be the first derivative of -k**2/2 + 4. Let m(x) = -3*x + 7. Let l(w) = -m(w) + 4*t(w). Suppose 5*p + 29 = 2*j, -p + 4*j - 33 = 4*p. What is l(p)?
-2
Let q(u) = 2*u + 1 + 5*u**2 + 22*u**2 + 0. Let y(b) = 450*b - 5401. Let d be y(12). Give q(d).
26
Let a(f) be the first derivative of -f**2/2 + 7*f + 38. Suppose 6 = 3*h + 69. Let v = -17 - h. Calculate a(v).
3
Let i(h) be the second derivative of h**6/360 - h**5/120 + h**4/6 - h**3/6 + 53*h. Let t(f) be the third derivative of i(f). What is t(-2)?
-5